 v = 93 + f. Calculate the greatest common divisor of v and 28.
14
Suppose 5*x - 84 = 2*x. Suppose 1067 = -7*n + 2831. What is the highest common divisor of x and n?
28
Suppose 0*t = 2*t + 3*j - 150, -3*t + 4*j + 208 = 0. Calculate the greatest common factor of t and 27.
9
Let z be (1/(-2) - 1)*32/(-24). Let i be ((4*9)/z - -1) + -2. Calculate the greatest common factor of i and 51.
17
Suppose 0 = h + r + 2*r - 776, -h + 5*r + 792 = 0. Calculate the highest common factor of h and 17.
17
Let o = -469 + 473. Suppose 54 = 4*m - 90. Calculate the greatest common divisor of o and m.
4
Suppose 1 - 3 = -t. Suppose -t*h - d + 0*d = -11, 0 = 3*h - 4*d. Suppose -70 = -h*u + 14. Calculate the greatest common factor of u and 3.
3
Let c(y) = 1 - 9*y + 6*y + y - 14. Let h be c(-13). Calculate the highest common divisor of 13 and h.
13
Let y be (-1 + 1)*4/(-8). Suppose -5*t + 41 - 16 = y. What is the greatest common divisor of t and 15?
5
Let d(m) = 2*m**2 + 47*m + 87. Let g be d(-24). Calculate the highest common factor of g and 74.
37
Let m(n) = 16*n - 2. Let t be m(1). Let r be 6/(-21) - (1650/t)/(-3). Calculate the greatest common factor of 13 and r.
13
Let h(u) = -4*u - 4 - 4*u - 10*u - 5*u. Let k be h(-3). Suppose 3*n - 8*n + k = 0. What is the highest common factor of n and 52?
13
Suppose 18*x + 253 = 649. Calculate the greatest common factor of x and 209.
11
Suppose -c - 21 = -4*h, 3*c = 3*h - 5 - 4. Suppose 105 = 3*g - d + h*d, 3*d = -3*g + 99. Let a = -8 - -14. What is the greatest common factor of a and g?
6
Let v(u) = -8*u**3 - 4*u**2 + 2*u + 16. Let g be v(-3). Suppose -2*q = 4*z - 154, -q = -3*z + 6*z - 115. What is the greatest common divisor of g and z?
38
Let k be 60 + (-2 - (-3 + 6)). Calculate the greatest common factor of k and 22.
11
Suppose -2*z + 1135 = 369. Suppose -3*v + 268 = -z. Let x be 1/(-2)*-31*2. Calculate the greatest common factor of v and x.
31
Let b(f) = 3*f - 2*f + 3*f**2 - 5 + 0*f. Let j be b(4). Let p = -33 + j. What is the greatest common factor of p and 70?
14
Let w(m) = -m**3 - 6*m**2 - 2*m - 6. Let j be w(-6). Let a be 2/(-6*(-5)/(-135)*-1). What is the greatest common factor of a and j?
3
Suppose -96 = -3*w - 18. Suppose -3*i = -129 - 255. Let r = i + -50. Calculate the highest common divisor of w and r.
26
Suppose 50 = 3*t + 5. Suppose d - 120 = -0*d. What is the greatest common divisor of t and d?
15
Suppose -2*y + 1596 = y. Suppose 3*f - 50 - y = 0. Let o = 381 - f. Calculate the highest common divisor of o and 17.
17
Suppose 3*y - 2*w - 309 - 284 = 0, 0 = 5*y - 2*w - 983. Calculate the greatest common divisor of y and 60.
15
Let k = 31 - 29. Let y be 2366/49 - k/7. What is the highest common divisor of y and 12?
12
Let m(j) = -j**3 - 28*j - 52. Let p be m(-2). Suppose 0 = 3*g - v - 213, 4*g + 2*v - 150 = 2*g. Calculate the greatest common factor of p and g.
12
Let l = 679 - 604. Calculate the greatest common factor of l and 20.
5
Suppose -3*c - 108 = 2*z - 4*z, 4*c - 224 = -5*z. What is the greatest common factor of z and 24?
24
Let s(q) = -2*q + 44. Let p(o) = o**2 + 16*o - 16. Let i be p(-18). Let x be s(i). What is the greatest common divisor of x and 4?
4
Let n = 504 - 405. Calculate the greatest common divisor of 18 and n.
9
Let b be (-4 - (-102)/24)/(2/16). Suppose 2*t + b*t = 44. Let w be (2 - -9) + (1 - 1). Calculate the greatest common factor of w and t.
11
Suppose 8 = 4*t - 76. Suppose -2*q + t = -q. Let p = 36 - q. Calculate the greatest common divisor of 3 and p.
3
Suppose 396 = 15*t - 4*t. Let g = 115 + -54. Let m = g - 43. Calculate the greatest common divisor of t and m.
18
Suppose -3*q + 156 = -4*c, 3*q - 129 = -0*c - 5*c. Suppose 5*f - 2*f - 72 = 0. What is the greatest common factor of q and f?
24
Suppose 0 = 2*j + 4*w + 14, -5*w - 22 = 3*j - 5*j. Suppose 0 = -2*s + k + 55, -s + 4 + j = -5*k. Calculate the highest common divisor of s and 75.
15
Suppose 8*v = 3*v + 70. Let z be 42 + (-2 - 1) + 3. What is the greatest common factor of z and v?
14
Suppose -2*w + 11 + 9 = g, 5*g + 50 = 5*w. Let s be 2/7 + 72/(-7). Let x be -2 - s/5 - -110. What is the highest common divisor of x and w?
10
Let v = -574 - -835. Let a(u) = 63*u + 533. Let b be a(-8). What is the greatest common factor of b and v?
29
Let i(d) = -d**2 + 16*d - 8. Let v be i(6). Suppose 3*n - 118 = 4*p, 4*p + v = 2*n - 64. Let m = p + 36. What is the greatest common factor of m and 24?
8
Suppose 10*x - 5*x = 0. Suppose -5*n - 4*j + 212 = x, 276 - 60 = 5*n + 2*j. Let g(v) = v + 80. Let s be g(-14). What is the highest common factor of n and s?
22
Let p = 195 + -133. Suppose -o = -n - p, 3*n = o + n - 64. Let t be 3/12 + 47/4. Calculate the greatest common factor of t and o.
12
Let s(b) = 30*b**3 + 4*b - 19. Let y be s(3). Calculate the highest common divisor of y and 22.
11
Suppose -4*g = 2*a - 1500 - 5824, 6 = 3*a. What is the greatest common factor of 6 and g?
6
Let g(f) = 2*f**2 + 4*f - 4. Let n be g(-5). Let w = 24 + 15. Calculate the greatest common factor of n and w.
13
Let w = 25 + -30. Let h = -1 - w. Suppose 5*s - 15 = 0, -3*p - 3*s = -18 - 9. What is the greatest common factor of p and h?
2
Suppose 3*k - 701 = l, 2*l + 404 = 3*k - 293. Let r = 23 + 24. Calculate the greatest common factor of r and k.
47
Suppose -4*r - 1 = 7. Let p be (14/r)/(2/(-2)). Let s(o) = -o**3 + 11*o**2 - 10*o + 5. Let z be s(9). Calculate the greatest common factor of z and p.
7
Suppose m + 4*m = 10. Let x(u) = -u**2 - 8*u + 6. Let f(b) = 8*b**3 + b**2 + b. Let a be f(-1). Let t be x(a). What is the greatest common factor of t and m?
2
Let h = -139 + 282. What is the greatest common factor of 26 and h?
13
Let b = -403 + 423. Calculate the highest common factor of 70 and b.
10
Let b(p) = p**2 + 9*p + 9. Let c be b(-8). Let w be (1 + c)*12/24. What is the greatest common divisor of w and 11?
1
Let s(l) = -l**3 + 11*l**2 - 27*l - 14. Let t be s(6). What is the greatest common factor of t and 244?
4
Let w be 4*(1/(-2) - -2). Let h(k) = -k**2 - 5*k + 54. Let n be h(0). Calculate the greatest common factor of w and n.
6
Suppose 1539 = 14*r + 13*r. Calculate the highest common factor of 1539 and r.
57
Suppose -s = -v + s - 6, 3*v + 2*s = 14. Suppose -2*z + 219 = 2*t - 5*t, v*z - 214 = -2*t. Let h = -14 + 32. Calculate the greatest common divisor of h and z.
18
Let i be (-10)/(2/((-3)/(1 - -2))). Suppose -4*c + 161 = i*l, -3*c + 2 = 5. What is the greatest common factor of 3 and l?
3
Let i(z) be the third derivative of 3*z**4/8 + 5*z**3/2 - 19*z**2. Let l be i(15). What is the highest common divisor of 30 and l?
30
Suppose 10 = 2*x + 142. Let h = 4 - x. Let t = 8952 + -8938. Calculate the greatest common factor of h and t.
14
Suppose 0 = 2*o - 7*o + 180. Let q = o + -6. What is the greatest common factor of 210 and q?
30
Suppose 4*a - 1662 = -5*h + 2328, -h = 3*a - 2998. Calculate the highest common divisor of 20 and a.
20
Suppose -11*f + 968 = 11*f. Calculate the greatest common factor of 16 and f.
4
Let v = 78 - -74. Calculate the highest common divisor of v and 19.
19
Let u(i) = -3*i**2 - 6*i + 2*i**2 + 0*i**2 - 3. Let q be u(-5). Suppose 0*g - 44 = -2*r - g, -g + 110 = 5*r. What is the highest common divisor of q and r?
2
Suppose -o - 5*h + 48 = 7, -h + 45 = o. What is the highest common divisor of 115 and o?
23
Suppose 4*p = -2*h + 26, -3*h - 24 = 29*p - 30*p. What is the highest common factor of p and 13?
1
Let a be 40 - (2 + -2)/(-2). Suppose -4*y - 5 = x - 7, 2*x - a = 4*y. Let h = 212 + -191. What is the greatest common divisor of h and x?
7
Let v be (11/(88/(-108)))/(2/(-8)). Suppose 0*u = -u + 6. What is the greatest common divisor of u and v?
6
Let r be (-204)/9*-1*6. Suppose 9*x = 204 + 552. Let q = x + -67. What is the greatest common divisor of r and q?
17
Let r = 12 + -24. Let u = 20 + r. Suppose 0 = -5*p - y + 443, 5*y - 12 = 3. Calculate the greatest common factor of u and p.
8
Let x(a) = -2*a**3 + 4*a**2 + 3*a - 13. Let w be x(-7). What is the highest common factor of w and 16?
16
Let j(x) = 2*x**3 + 27*x**2 + 9*x - 4. Let a be j(-13). Let u = -26 + 62. Calculate the highest common divisor of u and a.
12
Let x be (-99)/(-21) + (-10)/(-35). Suppose -x*w - 3*t + 48 = -2*w, 2*w + 5*t = 41. Calculate the greatest common divisor of w and 65.
